
364
Calculate the highest common factor of 25402 and 5122.
26
Calculate the greatest common factor of 6340 and 2460.
20
What is the highest common divisor of 6972475 and 655?
655
What is the greatest common divisor of 2039 and 15123263?
2039
Calculate the highest common divisor of 92 and 18653.
23
Calculate the greatest common divisor of 7319 and 329918.
563
What is the greatest common divisor of 854 and 58194?
122
What is the highest common divisor of 1315845 and 1805?
1805
What is the greatest common factor of 36974 and 119?
7
Calculate the highest common divisor of 1088 and 2048.
64
Calculate the greatest common factor of 24 and 20586.
6
What is the greatest common factor of 100425 and 32825?
325
What is the highest common factor of 38665 and 3740?
55
What is the highest common divisor of 1120 and 1558144?
224
Calculate the highest common divisor of 712322 and 468.
26
Calculate the greatest common divisor of 681864 and 24.
24
What is the greatest common divisor of 21931 and 546?
91
Calculate the highest common factor of 15449 and 630.
7
What is the greatest common factor of 23190 and 270?
30
Calculate the highest common factor of 11 and 273317.
11
What is the greatest common divisor of 103578 and 256398?
1698
Calculate the greatest common divisor of 7425 and 2079.
297
Calculate the greatest common factor of 83314 and 406.
14
Calculate the highest common divisor of 118398 and 1344.
42
What is the highest common factor of 3675 and 71575?
175
What is the greatest common factor of 378702 and 135?
27
What is the greatest common factor of 67557 and 126?
21
Calculate the highest common divisor of 18 and 7662.
6
Calculate the highest common divisor of 143 and 215996.
11
What is the highest common divisor of 104675 and 212?
53
Calculate the highest common factor of 2717 and 4917.
11
What is the highest common divisor of 1094 and 3?
1
Calculate the highest common divisor of 6239 and 1649.
17
What is the greatest common divisor of 9 and 169?
1
What is the greatest common factor of 37608 and 276?
12
Calculate the highest common divisor of 8846494 and 68.
34
Calculate the highest common factor of 23471 and 784.
49
Calculate the greatest common factor of 64 and 982336.
64
What is the highest common factor of 4230 and 2190?
30
What is the highest common divisor of 833 and 18632?
17
What is the highest common factor of 2069252 and 1805?
361
What is the greatest common factor of 400 and 227350?
50
What is the highest common divisor of 17010 and 1330?
70
What is the greatest common factor of 63560 and 48440?
280
What is the greatest common divisor of 78 and 248833?
13
What is the greatest common divisor of 1681 and 943?
41
Calculate the greatest common divisor of 82 and 206845.
41
What is the greatest common factor of 423676 and 220?
44
Calculate the highest common divisor of 18 and 397674.
18
Calculate the highest common divisor of 2080 and 2110.
10
What is the highest common factor of 1920 and 4672?
64
What is the greatest common divisor of 2 and 140542?
2
What is the greatest common factor of 2 and 18064?
2
What is the greatest common factor of 310 and 121985?
155
What is the greatest common factor of 10338 and 6?
6
Calculate the highest common divisor of 110 and 10186.
22
What is the highest common divisor of 26 and 198081?
13
Calculate the greatest common divisor of 1782 and 99.
99
What is the greatest common divisor of 338 and 23192?
26
What is the greatest common divisor of 6888 and 105?
21
What is the highest common divisor of 836 and 114796?
44
What is the highest common factor of 672092 and 16?
4
Calculate the highest common factor of 2264120 and 1605.
535
Calculate the highest common factor of 41756 and 5148.
572
Calculate the highest common divisor of 159150 and 330.
30
Calculate the highest common factor of 172248 and 24.
24
What is the greatest common factor of 249990 and 14235?
195
What is the highest common divisor of 10187 and 3965?
61
What is the greatest common divisor of 70 and 1480?
10
Calculate the greatest common factor of 220 and 2263690.
110
Calculate the highest common divisor of 322 and 496846.
322
Calculate the greatest common factor of 1276 and 101471.
29
What is the highest common divisor of 14 and 20258?
14
Calculate the highest common divisor of 21781 and 4025.
23
Calculate the highest common factor of 1302 and 23982.
42
Calculate the greatest common factor of 164 and 148871.
41
What is the highest common factor of 13698 and 288?
18
Calculate the greatest common factor of 4484 and 2360.
236
What is the highest common factor of 119117 and 92?
23
Calculate the highest common factor of 220 and 177260.
20
What is the greatest common divisor of 2043 and 81?
9
Calculate the highest common divisor of 1422863 and 117.
13
Calculate the greatest common divisor of 8349 and 7260.
363
Calculate the highest common divisor of 1244 and 466811.
311
Calculate the greatest common factor of 21 and 41657.
7
Calculate the highest common divisor of 164988 and 180.
36
What is the highest common factor of 17996 and 88?
44
What is the greatest common factor of 31970 and 6255?
695
Calculate the highest common divisor of 42143 and 37587.
1139
What is the highest common factor of 90 and 153290?
10
What is the greatest common divisor of 165 and 234795?
165
What is the highest common divisor of 18180 and 250?
10
Calculate the highest common divisor of 715 and 2350920.
715
Calculate the highest common divisor of 5835 and 1.
1
Calculate the highest common divisor of 92034 and 18.
18
Calculate the greatest common factor of 14310 and 4134.
318
Calculate the highest common factor of 19192 and 616.
8
What is the greatest common factor of 59 and 7983762?
59
What is the greatest common factor of 40095 and 3861?
297
What is the highest common factor of 2124 and 51507?
531
Calculate the greatest common divisor of 18180 and 612.
36
What is the greatest common factor of 84942 and 117?
117
Calculate the greatest common factor of 24 and 8024.
8
What is the highest common divisor of 537985 and 19?
19
Calculate the greatest common factor of 192 and 1131328.
64
Calculate the greatest common divisor of 194571 and 117.
117
Calculate the highest common factor of 126 and 30798.
18
What is the highest common divisor of 605 and 2486913?
121
Calculate the greatest common divisor of 28041 and 180469.
719
Calculate the greatest common factor of 330 and 33396.
66
What is the greatest common factor of 12928 and 11648?
128
Calculate the greatest common factor of 363381 and 177.
177
Calculate the highest common divisor of 359936 and 8288.
1184
Calculate the highest common factor of 1573 and 1452.
121
What is the greatest common factor of 258 and 4176?
6
What is the greatest common factor of 6120590 and 10?
10
Calculate the greatest common divisor of 11 and 925639.
11
What is the highest common factor of 864 and 3472416?
864
Calculate the highest common divisor of 936944 and 120.
8
What is the highest common factor of 9935841 and 62?
31
What is the greatest common divisor of 252 and 89306?
14
Calculate the greatest common factor of 20938 and 638.
58
What is the greatest common divisor of 2592 and 5792?
32
What is the greatest common divisor of 455423 and 207?
23
Calculate the greatest common factor of 624 and 10704.
48
Calculate the highest common divisor of 42 and 1530.
6
What is the highest common divisor of 3712 and 160?
32
Calculate the greatest common factor of 2655 and 199715.
295
What is the highest common divisor of 131817 and 21?
21
Calculate the greatest common factor of 812957 and 1067.
97
What is the greatest common factor of 488 and 16958?
122
What is the highest common divisor of 200075 and 1359?
151
What is the highest common divisor of 47 and 21593069?
47
Calculate the highest common divisor of 6298344 and 216.
216
Calculate the highest common divisor of 28494 and 27.
9
What is the greatest common divisor of 147132 and 461160?
2196
What is the greatest common divisor of 215579 and 50882?
1339
What is the greatest common divisor of 5984 and 65416?
136
Calculate the greatest common factor of 1440 and 125920.
160
Calculate the greatest common factor of 2244 and 1037.
17
What is the highest common divisor of 71984 and 176?
176
What is the highest common divisor of 4712 